?
124
What is the highest common factor of 48 and 1536?
48
What is the greatest common factor of 2387 and 217?
217
What is the greatest common factor of 92 and 207?
23
Calculate the greatest common divisor of 78 and 52.
26
What is the greatest common divisor of 134 and 128?
2
Calculate the highest common factor of 203 and 319.
29
What is the highest common factor of 52 and 8632?
52
What is the highest common factor of 47880 and 24?
24
What is the highest common divisor of 25 and 125?
25
Calculate the highest common divisor of 176 and 2024.
88
Calculate the greatest common factor of 2608 and 112.
16
Calculate the greatest common divisor of 1826 and 242.
22
What is the highest common factor of 40 and 360?
40
Calculate the highest common factor of 352 and 440.
88
Calculate the highest common divisor of 22 and 9361.
11
Calculate the highest common factor of 220 and 44.
44
Calculate the highest common divisor of 792 and 2475.
99
Calculate the greatest common factor of 56 and 4676.
28
What is the greatest common factor of 22 and 55?
11
What is the greatest common divisor of 77 and 451?
11
What is the highest common divisor of 26 and 91?
13
What is the greatest common divisor of 90 and 9630?
90
What is the greatest common factor of 54 and 144?
18
What is the greatest common divisor of 2376 and 63?
9
What is the greatest common divisor of 15 and 1545?
15
What is the greatest common divisor of 9682 and 206?
206
Calculate the greatest common factor of 112 and 126.
14
Calculate the greatest common factor of 476 and 340.
68
Calculate the greatest common divisor of 6 and 6.
6
Calculate the greatest common divisor of 1232 and 224.
112
Calculate the highest common factor of 18 and 153.
9
What is the greatest common divisor of 280 and 32?
8
What is the greatest common factor of 92 and 667?
23
What is the highest common divisor of 3535 and 35?
35
Calculate the highest common divisor of 458 and 4.
2
Calculate the greatest common divisor of 12845 and 175.
35
What is the highest common divisor of 65 and 91?
13
Calculate the greatest common divisor of 468 and 9711.
117
What is the highest common factor of 1792 and 28?
28
Calculate the highest common divisor of 160 and 4384.
32
Calculate the greatest common factor of 2550 and 300.
150
Calculate the greatest common divisor of 3773 and 847.
77
What is the highest common factor of 17 and 3043?
17
What is the greatest common factor of 532 and 7?
7
What is the highest common divisor of 28 and 1876?
28
Calculate the highest common factor of 25 and 25.
25
Calculate the greatest common factor of 52 and 39.
13
Calculate the highest common divisor of 54 and 3186.
54
Calculate the highest common factor of 152 and 19.
19
Calculate the highest common factor of 6 and 438.
6
What is the greatest common factor of 413 and 1475?
59
What is the greatest common divisor of 5 and 1805?
5
What is the highest common factor of 2292 and 84?
12
What is the highest common factor of 8 and 8?
8
What is the highest common divisor of 24 and 8376?
24
What is the highest common divisor of 66 and 946?
22
Calculate the highest common factor of 1045 and 1235.
95
What is the greatest common factor of 353 and 122491?
353
What is the highest common factor of 1820 and 30?
10
Calculate the highest common divisor of 325 and 50.
25
What is the greatest common divisor of 9947 and 1827?
203
Calculate the greatest common divisor of 4448 and 64.
32
What is the greatest common factor of 442 and 170?
34
What is the greatest common divisor of 68 and 4?
4
What is the greatest common factor of 16 and 12112?
16
What is the highest common factor of 560 and 432?
16
What is the greatest common divisor of 279 and 3?
3
What is the greatest common factor of 480 and 80?
80
Calculate the greatest common factor of 315 and 210.
105
What is the greatest common divisor of 24 and 552?
24
What is the highest common factor of 1034 and 22?
22
Calculate the greatest common divisor of 312 and 9256.
104
Calculate the highest common factor of 407 and 148.
37
Calculate the highest common divisor of 36 and 1152.
36
Calculate the highest common factor of 2 and 2028.
2
What is the greatest common factor of 2079 and 11?
11
Calculate the greatest common factor of 88 and 1958.
22
What is the greatest common factor of 468 and 104?
52
Calculate the greatest common factor of 1825 and 50.
25
What is the greatest common divisor of 11118 and 6?
6
What is the highest common divisor of 32 and 2144?
32
What is the highest common factor of 246 and 902?
82
Calculate the greatest common factor of 1067 and 22.
11
Calculate the highest common factor of 49 and 35.
7
What is the highest common divisor of 44 and 275?
11
Calculate the highest common factor of 1824 and 672.
96
Calculate the greatest common divisor of 2482 and 136.
34
Calculate the greatest common factor of 20 and 25.
5
Calculate the highest common factor of 7 and 73703.
7
What is the greatest common factor of 5654 and 22?
22
What is the highest common factor of 648 and 81?
81
What is the highest common factor of 45 and 305?
5
Calculate the highest common divisor of 33 and 1408.
11
Calculate the highest common divisor of 24 and 1896.
24
Calculate the highest common divisor of 27 and 4455.
27
What is the greatest common divisor of 8 and 4?
4
Calculate the greatest common divisor of 87 and 290.
29
What is the highest common divisor of 34 and 51?
17
What is the highest common factor of 399 and 63?
21
Calculate the highest common factor of 36 and 4734.
18
What is the greatest common factor of 1127 and 1449?
161
Calculate the greatest common divisor of 27 and 729.
27
What is the greatest common factor of 3624 and 120?
24
What is the greatest common divisor of 400 and 3920?
80
What is the highest common factor of 33 and 44?
11
What is the highest common divisor of 912 and 1296?
48
What is the greatest common divisor of 2222 and 44?
22
Calculate the highest common factor of 64 and 1000.
8
What is the greatest common factor of 5439 and 222?
111
Calculate the greatest common factor of 1 and 282.
1
What is the highest common factor of 1430 and 30?
10
What is the greatest common divisor of 7 and 805?
7
What is the greatest common factor of 7 and 3?
1
What is the greatest common factor of 7 and 259?
7
Calculate the greatest common divisor of 1650 and 44.
22
Calculate the highest common divisor of 1846 and 52.
26
Calculate the greatest common factor of 9 and 333.
9
Calculate the greatest common divisor of 12 and 81.
3
What is the greatest common factor of 70 and 10?
10
Calculate the greatest common factor of 30 and 654.
6
What is the greatest common factor of 385 and 2?
1
Calculate the greatest common factor of 312 and 195.
39
Calculate the greatest common factor of 4053 and 63.
21
What is the greatest common divisor of 20 and 685?
5
Calculate the highest common factor of 520 and 1300.
260
Calculate the greatest common divisor of 91 and 2821.
91
Calculate the highest common divisor of 2205 and 5040.
315
Calculate the highest common divisor of 6112 and 32.
32
Calculate the greatest common divisor of 960 and 15.
15
Calculate the greatest common divisor of 135 and 3375.
135
What is the highest common divisor of 180 and 100?
20
What is the highest common factor of 500 and 590?
10
What is the greatest common divisor of 130 and 310?
10
Calculate the highest common divisor of 102 and 96.
6
Calculate the highest common factor of 13625 and 109.
109
Calculate the greatest common divisor of 20 and 9830.
10
What is the greatest common factor of 187 and 385?
11
What is the greatest common divisor of 40 and 2540?
20
Calculate the greatest common factor of 64 and 2728.
8
Calculate the greatest common divisor of 70 and 315.
35
Calculate the highest common factor of 8 and 136.
8
What is the highest common factor of 84 and 22?
2
Calculate the highest common factor of 2601 and 34.
17
Calculate the highest common divisor of 26 and 2899.
13
Calculate the highest common divisor of 24636 and 12.
12
What is the greatest common factor of 798 and 36309?
399
What is the greatest common divisor of 247 and 95?
19
Calculate the greatest common factor of 78 and 708.
6
What is the highest common factor of 1833 and 78?
39
What is the highest common factor of 19 and 703?
19
What is the hi